ppose -3*u + 18 = 3, -4*j + 2*u = -194. Suppose j = l + 5*b - 1115, 0 = -2*l - 3*b + 2311. Is l a prime number?
True
Let h(q) = 262*q**2 - 2*q - 2. Let a be h(2). Let m = -102 + 763. Let f = a - m. Is f composite?
True
Let x(j) = -806*j**3 + 6*j**2 + 6*j - 2. Let i be x(-2). Suppose 3*s - s - i = 0. Suppose -5*d + s = 2*y, 2*y = 3*d + y - 1944. Is d a composite number?
False
Suppose 4020744 = 68*l + 825220. Is l a composite number?
False
Suppose 179*w = 188*w - 1251. Suppose -2*h + d - w = -613, -5*d = h - 259. Is h a composite number?
False
Suppose -4*m - 3*h = -5935, 3*m - 4467 = -0*m + 3*h. Suppose -m = 18*q - 10540. Is q a prime number?
True
Suppose -3*p = 4*u + 16 + 5, 3*p - 3 = 4*u. Let w(k) be the second derivative of 5*k**4/3 - k**3/3 - 7*k**2/2 - 159*k. Is w(p) a composite number?
False
Let d(v) be the second derivative of 7*v**4 + 13*v**3/3 + 5*v**2/2 + 145*v - 2. Is d(9) a composite number?
False
Let a be -4 - (-20)/(1 + 4). Suppose 2*m - 24 = -4*h, a - 6 = -h + 3*m. Is (h/4)/((-36)/(-3144)) prime?
True
Let p = 7698 - 3791. Is p composite?
False
Suppose -9284 = 4*s - 3*g, 7*s - 4*s = -4*g - 6938. Let w(k) = 28*k**2 + 13*k + 6. Let x be w(11). Let u = s + x. Is u a composite number?
True
Suppose 27*t + 3 = 24*t. Is (-5)/(5/(-5)*t/(-919)) prime?
False
Let x = 36315 + -1758. Is x a prime number?
False
Suppose 120*d = 97*d + 2397313. Is d prime?
True
Let k(j) be the first derivative of 267/4*j**4 - 2/3*j**3 + 6 + 2*j**2 - 7*j. Is k(2) a composite number?
False
Let z(g) = -g**3 + 8*g**2 + g - 3. Suppose -2*j = j - 24. Let q be z(j). Suppose x = -n + 967, q*x - 2*n + 3374 = 8195. Is x composite?
True
Let u = -20 + 18. Let m(w) = -9 + 13*w**2 - w**2 - 30*w + 24*w. Is m(u) prime?
False
Let x = 114727 + -79668. Is x a composite number?
False
Suppose 95*b - 22*b - 2032685 = 0. Is b composite?
True
Suppose -2*x + 4 = 0, -2*o - 2*x + 25407 = -o. Is -1 + -5 + 2 + o a prime number?
False
Let l = -171869 + 498192. Is l a composite number?
False
Let a = 387 - 127. Is (3652/10)/(104/a) prime?
False
Suppose 4*x + 12 = 8*x. Let p(f) = 9*f**2 - 3. Let s be p(x). Let v = s - 41. Is v composite?
False
Is (-13543)/((-6)/27*-3 - (-230)/(-138)) composite?
True
Suppose 5*l - j = 76216, j - 2*j = 5*l - 76214. Suppose -3*y + 15203 = -y - 3*a, 2*y = -5*a + l. Is 6*(1 + -4)/9 + y a prime number?
True
Let f = 13 + -21. Let q(a) = -5*a**3 - 8*a**2 + 20*a + 19. Is q(f) a prime number?
True
Suppose -9*q = -78*q + 138345. Is q composite?
True
Let y(x) = 497*x**2 - 911*x + 1. Is y(48) a composite number?
True
Let u(b) = -2*b**2 - 248*b - 101. Is u(-43) composite?
True
Is 14/77 - ((-2)/(-11) - 101414/2) prime?
True
Let l be (16 + -19)/((-1)/1). Suppose 0 = -l*c + 15572 - 6029. Is c a prime number?
True
Let j(n) = 4*n**3 + 10*n**2 - 4*n - 21. Let x be j(-7). Let k = x + 354. Let l = k + 1524. Is l prime?
False
Is 4 - (23 + -7)*1 - -143005 composite?
False
Suppose 4*w - 14536 = 4*l, -2*w + 5841 = -5*l - 1412. Suppose -x = -4*s - w, -5*x + 2*s = -9*x + 14646. Is x composite?
False
Suppose -762 = 30*j - 33*j. Suppose -w - 4*u = -3*w + j, 5*u - 227 = -2*w. Suppose -2*g + w = 19. Is g prime?
False
Let w(y) = y**3 - 12*y**2 + y + 25. Let x be w(7). Let f be (-2)/4*(-24 + 0). Is x/(-4)*16/f a composite number?
False
Let f be 9/(-4)*5808/(-18). Let w = f - 428. Suppose -y = -3*y + w. Is y a prime number?
True
Suppose -125 + 116 = -3*u. Suppose 3 = 5*s + 2*h - 10, -2*s - 3*h + 3 = 0. Suppose -z - s*z = p - 528, -12 = -u*p. Is z a composite number?
False
Let o(y) = 3*y**3 - 16*y**2 - 25*y - 27. Let r be o(22). Let s = r - 9660. Is s a prime number?
True
Is ((-3)/15)/(((-85)/2449675)/17) prime?
True
Let t(w) = -38*w - 46. Let y be t(-2). Suppose 21075 = -15*v + y*v. Is v a composite number?
True
Suppose a - 4*l - 244443 = 0, -74*a + 71*a = 3*l - 733359. Is a composite?
False
Suppose 32*j - 33*j - 5 = 0. Let a(c) = 22*c**2 - c - 32. Is a(j) prime?
True
Let d(f) = f**2 + 32*f + 5. Let v be d(-32). Suppose -i - 5*g = -12776, -12 = -9*g + v*g. Is i composite?
True
Let d = -150765 - -332438. Is d a composite number?
True
Let b = -31 + 35. Suppose -b*q + 2*q = -22. Let i(n) = -n**2 + 13*n - 11. Is i(q) a prime number?
True
Let o be (7 - (-36)/(-6))*0. Suppose 0*p - 12*p + 2820 = o. Is p a prime number?
False
Suppose -3*f - 5*s + 79205 = 0, -5*f - 5*s + 42276 = -89719. Is f a prime number?
False
Suppose -3248*n = -3196*n - 538148. Is n a prime number?
False
Let z(s) = -6301*s + 19. Is z(-10) composite?
False
Suppose -2*p = 8*p - 12*p, -2*i = -2*p - 1047734. Is i a prime number?
True
Suppose 333*v - 127065549 = 259380962 + 45103840. Is v a composite number?
False
Let d(k) = k**2 + 6*k + 4. Let q be d(-4). Is (q + 26/6)*(13851 + 3) composite?
True
Let w(s) = -3*s - 44. Let l be w(-16). Suppose 0 = -l*d - a + 14 + 9, a = -3*d + 18. Suppose -d*r = -17098 + 783. Is r a prime number?
False
Suppose 0 = -4*k + 4, y + 3*k = -125 - 683. Let r = y - -8420. Is r a composite number?
True
Let r = 99 - -53. Suppose v - r = 207. Let a = -94 + v. Is a a composite number?
True
Let x(h) = h**3 - 6*h**2 - h - 15. Let d be x(7). Suppose -4*w - 5*s = -d, w = -s - 2*s + 12. Suppose 204 = w*y + 3. Is y a composite number?
False
Let x = -191049 - -403606. Is x prime?
True
Suppose -5*z + 4640 = 4*y, -2*y = z - 1542 - 778. Let p = y - -221. Is p a prime number?
True
Let g = 10 + 10. Let k be 2006/4 + 30/g. Let z = k + -252. Is z a composite number?
False
Let a(n) = -27 + 72*n - 241*n - 50 - 112 - 531*n. Is a(-4) a composite number?
True
Suppose 5*w = 5*p - 16855, 2*w - 13482 = -4*p + 4*w. Let o be 160/16 + -4 + -6. Suppose -7*m + 2*m + p = o. Is m prime?
False
Suppose -q + 1047 = 3*s - 5966, -4*s = -5*q + 35008. Let u = q - 4558. Is u prime?
False
Suppose 0*l = -4*l + 2*d + 13042, -13039 = -4*l - d. Let m = l + 3530. Suppose -m = -14*o + 4*o. Is o a composite number?
True
Let t = 1696 - 3124. Let m = 1765 + 1314. Let f = m + t. Is f a prime number?
False
Let t be 0/((-60)/32 + 5/(-40)). Suppose -16*a + 21*a - 3065 = t. Is a prime?
True
Let g = 176247 - 74620. Is g prime?
True
Suppose -104*j - 35*j + 186938042 = 139*j. Is j composite?
False
Is (1*33476/(-12))/((-12)/36) a prime number?
True
Suppose 6 = 7*a + 20. Is -6 + 4 + a - (-8 - 1249) a prime number?
False
Let p = -520 - -528. Is 1041 - 15/(30/p) prime?
False
Is ((-1822273)/217 - -18)/((-2)/14) a prime number?
True
Let f(s) = 80*s**3 - s**2 + 390*s + 73. Is f(20) composite?
True
Let d be -1 - ((-6)/3)/((-12)/(-30)). Is (-5)/((-1)/d + 296/1312) prime?
False
Suppose -9*m + 8*m = -4. Suppose 2*n - 7538 = m*a, 5*n - 4*n - 4*a = 3761. Is n composite?
True
Let b(o) be the second derivative of o**5/20 + 7*o**4/4 - 11*o**3/3 + 31*o**2/2 + 64*o. Is b(17) a composite number?
False
Suppose -4*q = -0 - 24. Suppose -q*o + 21 = -9. Suppose 0 = 5*j - 4*k - 1115, o*k + 284 = 5*j - 831. Is j prime?
True
Let i(l) = 6*l + 4*l - 20*l - 11 + 5*l. Let s be i(-5). Suppose 0 = -s*g + 17*g - 3261. Is g a prime number?
True
Let a(t) = t**2 - 5*t + 2. Let f be a(5). Suppose -54*j + 42*j + 108 = 0. Suppose f*k + 5*l - 3966 = 0, -11*l + j*l + 1981 = k. Is k composite?
False
Let o(l) = 58*l**2 - 15*l + 129. Let a be (0 + 3)/(183/610). Is o(a) prime?
True
Suppose -2*b = -2*l + 2960, 4*l - 5936 = -76*b + 72*b. Let x = 1109 + 138. Suppose -d + x = -l. Is d composite?
False
Let v = -60675 + 89138. Is v composite?
False
Let t be (1 + -4)*(-28)/42. Let i(u) = t*u**3 - u**3 - 9*u**2 - 11 - 3*u**3 + u**3 - 12*u. Is i(-8) composite?
True
Suppose 21*b - 16*b = -2*o + 85609, -4*b + 12 = 0. Is o a composite number?
False
Is 20941974/66 + (-8)/(-22) composite?
True
Suppose 1138*o - 1278067 = 1089*o. Is o a prime number?
True
Let x(p) = 2*p**3 - p**2 - p + 1. Let d(s) = 1931*s**3 - 9*s**2 - 5*s + 1. Let j(q) = -d(q) + 3*x(q). Is j(-1) a prime number?
True
Let f(h) = 96*h**3 - h**2 + 6*h - 7. Suppose -3*c = 6*y - 2*y - 14, 3*c = y + 4. Is f(y) a prime number?
True
Suppose 70*k - 2570054 - 4317036 = 0. Is k a composite number?
False
Let b be (-5)/(40/(-18)) + (-15)/(-20). Suppose 5*a + 0*g - 1311 = g, -b*a = 4*g - 805. Is a composite?
False
Let a = 471186 - 236737. Is a a prime number?
False
Let y(v) = -711*v + 28007. Is y(0) a composite number?
True
Let u(r) = -r**3 + 12*r**2 + r - 16. Let n be u(12